{"id":5965,"date":"2015-10-22T08:51:12","date_gmt":"2015-10-22T06:51:12","guid":{"rendered":"http:\/\/tinnbib.no\/?page_id=5965"},"modified":"2020-11-26T14:00:40","modified_gmt":"2020-11-26T13:00:40","slug":"5965-2","status":"publish","type":"page","link":"https:\/\/tinnbib.no\/?page_id=5965","title":{"rendered":"Barn og ungdom"},"content":{"rendered":"<p>[et_pb_section fb_built=&raquo;1&#8243; admin_label=&raquo;section&raquo; _builder_version=&raquo;3.22&#8243;][et_pb_row column_structure=&raquo;1_4,1_2,1_4&#8243; admin_label=&raquo;row&raquo; _builder_version=&raquo;3.25&#8243; background_size=&raquo;initial&raquo; background_position=&raquo;top_left&raquo; background_repeat=&raquo;repeat&raquo;][et_pb_column type=&raquo;1_4&#8243; _builder_version=&raquo;3.25&#8243; custom_padding=&raquo;|||&raquo; custom_padding__hover=&raquo;|||&raquo;][et_pb_text admin_label=&raquo;S\u00f8keside barn&raquo; _builder_version=&raquo;4.4.7&#8243; background_color=&raquo;#8c3320&#8243; background_size=&raquo;initial&raquo; background_position=&raquo;top_left&raquo; background_repeat=&raquo;repeat&raquo; background_layout=&raquo;dark&raquo; custom_padding=&raquo;10px|10px|10px|10px&raquo; use_border_color=&raquo;off&raquo; border_color=&raquo;#ffffff&raquo; border_style=&raquo;solid&raquo;]<\/p>\n<h4>Finn barneb\u00f8ker<\/h4>\n<div style=\"width: 150px;\">\n<form action=\"https:\/\/rjukan.bib.no\/cgi-bin\/websok\n-barn\" method=\"POST\"><input name=\"mode\" type=\"hidden\" value=\"vt\" \/><input name=\"st\" type=\"hidden\" value=\"p\" \/><input name=\"publikumskjema\" type=\"hidden\" value=\"1\" \/><input style=\"width: 145%; padding: 8px; border: 2px solid grey;\" name=\"pubsok_txt_0\" type=\"text\" \/><input type=\"submit\" value=\"S\u00f8k\" \/><\/form>\n<\/div>\n<p>[\/et_pb_text][\/et_pb_column][et_pb_column type=&raquo;1_2&#8243; _builder_version=&raquo;3.25&#8243; custom_padding=&raquo;|||&raquo; custom_padding__hover=&raquo;|||&raquo;][et_pb_text admin_label=&raquo;Tekst&raquo; _builder_version=&raquo;4.6.1&#8243; background_size=&raquo;initial&raquo; background_position=&raquo;top_left&raquo; background_repeat=&raquo;repeat&raquo; hover_enabled=&raquo;0&#8243; use_border_color=&raquo;off&raquo; border_color=&raquo;#ffffff&raquo; border_style=&raquo;solid&raquo; sticky_enabled=&raquo;0&#8243;]<\/p>\n<h1>Barne- og ungdomssavdelingen<\/h1>\n<p><strong>Velkommen til bibliotekets egne Barne- og ungdomsavdeling der det foruten b\u00f8ker finnes spill, tegneserier, tidsskrifter og lydb\u00f8ker<\/strong><\/p>\n<p>Du kan finne alle nye b\u00f8ker n\u00e5r du s\u00f8ker i bibliotekets samling. For \u00e5 s\u00f8ke i samlingen kan du skrive inn tittel, emne eller forfatter i s\u00f8keboksen \u00f8verst til venstre.<\/p>\n<p>Hvis det er noe du har sp\u00f8rsm\u00e5l om, kan du\u00a0kontakte\u00a0en av oss p\u00e5 biblioteket. Da kan du for eksempel f\u00e5 hjelp til \u00e5 finne stoff til en oppgave du skal skrive, eller finne fram til b\u00f8ker du vil lese.<\/p>\n<p>[\/et_pb_text][\/et_pb_column][et_pb_column type=&raquo;1_4&#8243; _builder_version=&raquo;3.25&#8243; custom_padding=&raquo;|||&raquo; custom_padding__hover=&raquo;|||&raquo;][et_pb_sidebar area=&raquo;et_pb_widget_area_16&#8243; admin_label=&raquo;Lenker &#8211; barn og ungdom&raquo; _builder_version=&raquo;3.0.74&#8243; header_font=&raquo;Cherry Cream Soda||||&raquo; header_font_size=&raquo;16&#8243; body_font=&raquo;Cherry Cream Soda||||&raquo; body_text_color=&raquo;#8c3320&#8243; hover_enabled=&raquo;0&#8243; remove_border=&raquo;off&raquo; sticky_enabled=&raquo;0&#8243;] [\/et_pb_sidebar][\/et_pb_column][\/et_pb_row][\/et_pb_section]<\/p>\n<div class=\"gsp_post_data\" \r\n\t            data-post_type=\"page\" \r\n\t            data-cat=\"\" \r\n\t            data-modified=\"120\"\r\n\t            data-created=\"1445503872\"\r\n\t            data-title=\"Barn og ungdom\" \r\n\t            data-home=\"https:\/\/tinnbib.no\"><\/div>","protected":false},"excerpt":{"rendered":"<p>Finn barneb\u00f8ker Barne- og ungdomssavdelingen Velkommen til bibliotekets egne Barne- og ungdomsavdeling der det foruten b\u00f8ker finnes spill, tegneserier, tidsskrifter og lydb\u00f8ker Du kan finne alle nye b\u00f8ker n\u00e5r du s\u00f8ker i bibliotekets samling. For \u00e5 s\u00f8ke i samlingen kan du skrive inn tittel, emne eller forfatter i s\u00f8keboksen \u00f8verst til venstre. Hvis det er [&hellip;]<\/p>\n","protected":false},"author":101012,"featured_media":0,"parent":0,"menu_order":0,"comment_status":"closed","ping_status":"closed","template":"","meta":{"_et_pb_use_builder":"on","_et_pb_old_content":"","_et_gb_content_width":"","footnotes":"","_links_to":"","_links_to_target":""},"class_list":["post-5965","page","type-page","status-publish","hentry"],"_links":{"self":[{"href":"https:\/\/tinnbib.no\/index.php?rest_route=\/wp\/v2\/pages\/5965","targetHints":{"allow":["GET"]}}],"collection":[{"href":"https:\/\/tinnbib.no\/index.php?rest_route=\/wp\/v2\/pages"}],"about":[{"href":"https:\/\/tinnbib.no\/index.php?rest_route=\/wp\/v2\/types\/page"}],"author":[{"embeddable":true,"href":"https:\/\/tinnbib.no\/index.php?rest_route=\/wp\/v2\/users\/101012"}],"replies":[{"embeddable":true,"href":"https:\/\/tinnbib.no\/index.php?rest_route=%2Fwp%2Fv2%2Fcomments&post=5965"}],"version-history":[{"count":31,"href":"https:\/\/tinnbib.no\/index.php?rest_route=\/wp\/v2\/pages\/5965\/revisions"}],"predecessor-version":[{"id":22365,"href":"https:\/\/tinnbib.no\/index.php?rest_route=\/wp\/v2\/pages\/5965\/revisions\/22365"}],"wp:attachment":[{"href":"https:\/\/tinnbib.no\/index.php?rest_route=%2Fwp%2Fv2%2Fmedia&parent=5965"}],"curies":[{"name":"wp","href":"https:\/\/api.w.org\/{rel}","templated":true}]}}